{"id":595,"date":"2018-07-30T01:53:07","date_gmt":"2018-07-29T23:53:07","guid":{"rendered":"\/?page_id=595"},"modified":"2020-02-19T13:17:17","modified_gmt":"2020-02-19T12:17:17","slug":"mentions-legales","status":"publish","type":"page","link":"https:\/\/www.ynamics.com\/index.php\/mentions-legales\/","title":{"rendered":"Mentions l\u00e9gales"},"content":{"rendered":"\n<style type=\"text\/css\" data-created_by=\"avia_inline_auto\" id=\"style-css-av-jk7hxls7-9032c3d16b8c0d3ec3a4aa0f98e85ff6\">\n.flex_column.av-jk7hxls7-9032c3d16b8c0d3ec3a4aa0f98e85ff6{\nborder-radius:0px 0px 0px 0px;\npadding:0px 0px 0px 0px;\n}\n<\/style>\n<div  class='flex_column av-jk7hxls7-9032c3d16b8c0d3ec3a4aa0f98e85ff6 av_one_full  avia-builder-el-0  avia-builder-el-no-sibling  first flex_column_div av-zero-column-padding  '     ><section  class='av_textblock_section av-jk7i2gcz-947ccecd3bad9ce13560dcb009bd00ae '   itemscope=\"itemscope\" itemtype=\"https:\/\/schema.org\/CreativeWork\" ><div class='avia_textblock'  itemprop=\"text\" ><p><strong>IDENTIFICATION ET PUBLICATION<\/strong><\/p>\n<p><u>\u00c9diteur<\/u><\/p>\n<p>Ce site est publi\u00e9 par l&rsquo;entreprise YNAMICS, SARL au capital de 40000\u20ac, immatricul\u00e9e au Registre de Commerce de Pontoise sous le num\u00e9ro 521 559 435 dont le si\u00e8ge social est Ynamics, 50 rue de Pontoise, 95870 Bezons.<\/p>\n<p><strong>Directeur de la publication : Le G\u00e9rant de la soci\u00e9t\u00e9<\/strong><\/p>\n<p><u>H\u00e9bergeur<\/u><\/p>\n<p>Notre site a \u00e9t\u00e9 r\u00e9alis\u00e9 par Ynamics et est h\u00e9berg\u00e9 par la soci\u00e9t\u00e9 OVH, SAS au capital de 10 000 000 \u20ac &#8211; RCS Roubaix \u2013 Tourcoing 424 761 419 00045 &#8211; Code APE 6202A &#8211; N\u00b0 TVA : FR 22 424 761 419 &#8211; Si\u00e8ge social : 2 rue Kellermann &#8211; 59100 Roubaix &#8211; France.<\/p>\n<p><strong>PROPRI\u00c9T\u00c9 INTELLECTUELLE<\/strong><\/p>\n<p>Tous les \u00e9l\u00e9ments graphiques, la structure et, plus g\u00e9n\u00e9ralement, le contenu du site Ynamics sont prot\u00e9g\u00e9s par le droit d&rsquo;auteur, le droit des marques et le droit des dessins et mod\u00e8les.<\/p>\n<p>Toute personne qui recueille ou t\u00e9l\u00e9charge du contenu ou des informations diffus\u00e9es sur le site ne dispose sur ceux-ci que d\u2019un droit d\u2019usage priv\u00e9, personnel et non transmissible.<\/p>\n<p>La reproduction d\u2019une page du site dans un cadre ext\u00e9rieur \u00e0 Ynamics ou l\u2019insertion d\u2019une page appartenant \u00e0 Ynamics dans la page d\u2019un autre site est interdite. De m\u00eame, toute reproduction ou repr\u00e9sentation du site en partie ou en totalit\u00e9 est interdite sans l&rsquo;accord \u00e9crit de Ynamics et constituerait une contrefa\u00e7on sanctionn\u00e9e par les articles L. 335-2 et suivants du Code de la Propri\u00e9t\u00e9 Intellectuelle.<\/p>\n<p>Les textes, graphismes, dessins, logos et photos qui sont diffus\u00e9s Ynamics peuvent faire l&rsquo;objet d&rsquo;une reproduction sur un support papier ou un support \u00e9lectronique, sous r\u00e9serve de citer le nom et l&rsquo;adresse du site et de ne pas en faire une utilisation commerciale. Le non-respect des dispositions ci-dessus est susceptible de constituer une contrefa\u00e7on engageant la responsabilit\u00e9 civile ou p\u00e9nale de l&rsquo;auteur de la contrefa\u00e7on.<\/p>\n<p>La cr\u00e9ation d&rsquo;un lien hypertexte vers le site www.ynamics.fr ou www.ynamics.com ne peut se faire qu\u2019avec l\u2019autorisation d&rsquo;Ynamics, et sous r\u00e9serve qu&rsquo;aucune confusion ne puisse exister dans l&rsquo;esprit des internautes sur l&rsquo;identit\u00e9 du site ou la provenance des informations.<\/p>\n<p><strong>COLLECTE ET UTILISATION DES DONN\u00c9ES \u00c0 CARACT\u00c8RE PERSONNEL<\/strong><\/p>\n<p>La collecte des donn\u00e9es \u00e0 caract\u00e8re personnel pour les prestations propos\u00e9es par les sites de Ynamics (www.ynamics.com, www.ynamics.fr) ainsi que leur traitement sont effectu\u00e9s dans le respect de la loi \u00ab Informatique, Fichiers et Libert\u00e9s \u00bb du 6 janvier 1978 modifi\u00e9e et ses d\u00e9crets d\u2019application.<\/p>\n<p>La collecte des donn\u00e9es \u00e0 caract\u00e8re personnel concernant les utilisateurs du site Ynamics a pour finalit\u00e9s principales l\u2019identification des utilisateurs pour la fourniture des services et prestations propos\u00e9s sur le site.<\/p>\n<p>Les donn\u00e9es r\u00e9colt\u00e9es ne sont jamais transmises \u00e0 des tiers sauf si le client a donn\u00e9 son consentement pr\u00e9alable et ce sous r\u00e9serve que les tiers se soient clairement engag\u00e9s \u00e0 respecter toutes les dispositions de la Loi du 6 janvier 1978 modifi\u00e9e.<\/p>\n<p>Ynamics a d\u00e9clar\u00e9 l&rsquo;existence de ses fichiers clients-prospects \u00e0 la CNIL sous le num\u00e9ro 1450703.<\/p>\n<p>En application de la loi, toute personne ayant transmis des donn\u00e9es \u00e0 caract\u00e8re personnel dispose d\u2019un droit d\u2019acc\u00e8s, de rectification et de suppression des donn\u00e9es ainsi que d\u2019un droit d\u2019opposition au traitement des donn\u00e9es \u00e0 caract\u00e8re personnel la concernant.<\/p>\n<p>\u00c0 tout moment, vous pouvez demander \u00e0 exercer ce droit en contactant Ynamics.<\/p>\n<p>Les visiteurs du site sont inform\u00e9s que pour les besoins de navigation sur nos sites, Ynamics peut avoir recours \u00e0 la collecte automatique de certaines informations relatives aux utilisateurs \u00e0 l&rsquo;aide des cookies. Si l&rsquo;utilisateur du site ne souhaite pas l\u2019utilisation de cookies par Ynamics, il peut refuser l\u2019activation des cookies par le biais des options propos\u00e9es par son navigateur internet. Pour des raisons techniques, si l&rsquo;utilisateur d\u00e9sactive les cookies dans son navigateur, certaines prestations propos\u00e9es sur le site pourront ne pas lui \u00eatre accessibles.<\/p>\n<p>Il est \u00e9galement interdit au visiteur de collecter des donn\u00e9es personnelles sur cette page pour des fins autres que celles n\u00e9cessaires l\u00e9galement et\/ou pour nous contacter dans le but d&rsquo;excercer ses droits.<\/p>\n<p>Mentions l\u00e9gales \u00e9dit\u00e9es le 19 f\u00e9vrier 2020<\/p>\n<\/div><\/section><\/div>\n","protected":false},"excerpt":{"rendered":"","protected":false},"author":1,"featured_media":0,"parent":0,"menu_order":0,"comment_status":"closed","ping_status":"closed","template":"","meta":{"footnotes":""},"class_list":["post-595","page","type-page","status-publish","hentry"],"yoast_head":"<!-- This site is optimized with the Yoast SEO plugin v27.5 - https:\/\/yoast.com\/product\/yoast-seo-wordpress\/ -->\n<title>Mentions l\u00e9gales - Ynamics<\/title>\n<meta name=\"robots\" content=\"index, follow, max-snippet:-1, max-image-preview:large, max-video-preview:-1\" \/>\n<link rel=\"canonical\" href=\"https:\/\/www.ynamics.com\/index.php\/mentions-legales\/\" \/>\n<meta property=\"og:locale\" content=\"fr_FR\" \/>\n<meta property=\"og:type\" content=\"article\" \/>\n<meta property=\"og:title\" content=\"Mentions l\u00e9gales - Ynamics\" \/>\n<meta property=\"og:url\" content=\"https:\/\/www.ynamics.com\/index.php\/mentions-legales\/\" \/>\n<meta property=\"og:site_name\" content=\"Ynamics\" \/>\n<meta property=\"article:modified_time\" content=\"2020-02-19T12:17:17+00:00\" \/>\n<meta name=\"twitter:card\" content=\"summary_large_image\" \/>\n<meta name=\"twitter:label1\" content=\"Dur\u00e9e de lecture estim\u00e9e\" \/>\n\t<meta name=\"twitter:data1\" content=\"4 minutes\" \/>\n<script type=\"application\/ld+json\" class=\"yoast-schema-graph\">{\"@context\":\"https:\\\/\\\/schema.org\",\"@graph\":[{\"@type\":\"WebPage\",\"@id\":\"https:\\\/\\\/www.ynamics.com\\\/index.php\\\/mentions-legales\\\/\",\"url\":\"https:\\\/\\\/www.ynamics.com\\\/index.php\\\/mentions-legales\\\/\",\"name\":\"Mentions l\u00e9gales - Ynamics\",\"isPartOf\":{\"@id\":\"https:\\\/\\\/www.ynamics.com\\\/#website\"},\"datePublished\":\"2018-07-29T23:53:07+00:00\",\"dateModified\":\"2020-02-19T12:17:17+00:00\",\"breadcrumb\":{\"@id\":\"https:\\\/\\\/www.ynamics.com\\\/index.php\\\/mentions-legales\\\/#breadcrumb\"},\"inLanguage\":\"fr-FR\",\"potentialAction\":[{\"@type\":\"ReadAction\",\"target\":[\"https:\\\/\\\/www.ynamics.com\\\/index.php\\\/mentions-legales\\\/\"]}]},{\"@type\":\"BreadcrumbList\",\"@id\":\"https:\\\/\\\/www.ynamics.com\\\/index.php\\\/mentions-legales\\\/#breadcrumb\",\"itemListElement\":[{\"@type\":\"ListItem\",\"position\":1,\"name\":\"Accueil\",\"item\":\"https:\\\/\\\/www.ynamics.com\\\/\"},{\"@type\":\"ListItem\",\"position\":2,\"name\":\"Mentions l\u00e9gales\"}]},{\"@type\":\"WebSite\",\"@id\":\"https:\\\/\\\/www.ynamics.com\\\/#website\",\"url\":\"https:\\\/\\\/www.ynamics.com\\\/\",\"name\":\"Ynamics\",\"description\":\"L&#039;IoT sur mesure\",\"publisher\":{\"@id\":\"https:\\\/\\\/www.ynamics.com\\\/#organization\"},\"potentialAction\":[{\"@type\":\"SearchAction\",\"target\":{\"@type\":\"EntryPoint\",\"urlTemplate\":\"https:\\\/\\\/www.ynamics.com\\\/?s={search_term_string}\"},\"query-input\":{\"@type\":\"PropertyValueSpecification\",\"valueRequired\":true,\"valueName\":\"search_term_string\"}}],\"inLanguage\":\"fr-FR\"},{\"@type\":\"Organization\",\"@id\":\"https:\\\/\\\/www.ynamics.com\\\/#organization\",\"name\":\"Ynamics\",\"url\":\"https:\\\/\\\/www.ynamics.com\\\/\",\"logo\":{\"@type\":\"ImageObject\",\"inLanguage\":\"fr-FR\",\"@id\":\"https:\\\/\\\/www.ynamics.com\\\/#\\\/schema\\\/logo\\\/image\\\/\",\"url\":\"https:\\\/\\\/www.ynamics.com\\\/wp-content\\\/uploads\\\/2016\\\/04\\\/ynamics_903x300.png\",\"contentUrl\":\"https:\\\/\\\/www.ynamics.com\\\/wp-content\\\/uploads\\\/2016\\\/04\\\/ynamics_903x300.png\",\"width\":903,\"height\":300,\"caption\":\"Ynamics\"},\"image\":{\"@id\":\"https:\\\/\\\/www.ynamics.com\\\/#\\\/schema\\\/logo\\\/image\\\/\"}}]}<\/script>\n<!-- \/ Yoast SEO plugin. -->","yoast_head_json":{"title":"Mentions l\u00e9gales - Ynamics","robots":{"index":"index","follow":"follow","max-snippet":"max-snippet:-1","max-image-preview":"max-image-preview:large","max-video-preview":"max-video-preview:-1"},"canonical":"https:\/\/www.ynamics.com\/index.php\/mentions-legales\/","og_locale":"fr_FR","og_type":"article","og_title":"Mentions l\u00e9gales - Ynamics","og_url":"https:\/\/www.ynamics.com\/index.php\/mentions-legales\/","og_site_name":"Ynamics","article_modified_time":"2020-02-19T12:17:17+00:00","twitter_card":"summary_large_image","twitter_misc":{"Dur\u00e9e de lecture estim\u00e9e":"4 minutes"},"schema":{"@context":"https:\/\/schema.org","@graph":[{"@type":"WebPage","@id":"https:\/\/www.ynamics.com\/index.php\/mentions-legales\/","url":"https:\/\/www.ynamics.com\/index.php\/mentions-legales\/","name":"Mentions l\u00e9gales - Ynamics","isPartOf":{"@id":"https:\/\/www.ynamics.com\/#website"},"datePublished":"2018-07-29T23:53:07+00:00","dateModified":"2020-02-19T12:17:17+00:00","breadcrumb":{"@id":"https:\/\/www.ynamics.com\/index.php\/mentions-legales\/#breadcrumb"},"inLanguage":"fr-FR","potentialAction":[{"@type":"ReadAction","target":["https:\/\/www.ynamics.com\/index.php\/mentions-legales\/"]}]},{"@type":"BreadcrumbList","@id":"https:\/\/www.ynamics.com\/index.php\/mentions-legales\/#breadcrumb","itemListElement":[{"@type":"ListItem","position":1,"name":"Accueil","item":"https:\/\/www.ynamics.com\/"},{"@type":"ListItem","position":2,"name":"Mentions l\u00e9gales"}]},{"@type":"WebSite","@id":"https:\/\/www.ynamics.com\/#website","url":"https:\/\/www.ynamics.com\/","name":"Ynamics","description":"L&#039;IoT sur mesure","publisher":{"@id":"https:\/\/www.ynamics.com\/#organization"},"potentialAction":[{"@type":"SearchAction","target":{"@type":"EntryPoint","urlTemplate":"https:\/\/www.ynamics.com\/?s={search_term_string}"},"query-input":{"@type":"PropertyValueSpecification","valueRequired":true,"valueName":"search_term_string"}}],"inLanguage":"fr-FR"},{"@type":"Organization","@id":"https:\/\/www.ynamics.com\/#organization","name":"Ynamics","url":"https:\/\/www.ynamics.com\/","logo":{"@type":"ImageObject","inLanguage":"fr-FR","@id":"https:\/\/www.ynamics.com\/#\/schema\/logo\/image\/","url":"https:\/\/www.ynamics.com\/wp-content\/uploads\/2016\/04\/ynamics_903x300.png","contentUrl":"https:\/\/www.ynamics.com\/wp-content\/uploads\/2016\/04\/ynamics_903x300.png","width":903,"height":300,"caption":"Ynamics"},"image":{"@id":"https:\/\/www.ynamics.com\/#\/schema\/logo\/image\/"}}]}},"_links":{"self":[{"href":"https:\/\/www.ynamics.com\/index.php\/wp-json\/wp\/v2\/pages\/595","targetHints":{"allow":["GET"]}}],"collection":[{"href":"https:\/\/www.ynamics.com\/index.php\/wp-json\/wp\/v2\/pages"}],"about":[{"href":"https:\/\/www.ynamics.com\/index.php\/wp-json\/wp\/v2\/types\/page"}],"author":[{"embeddable":true,"href":"https:\/\/www.ynamics.com\/index.php\/wp-json\/wp\/v2\/users\/1"}],"replies":[{"embeddable":true,"href":"https:\/\/www.ynamics.com\/index.php\/wp-json\/wp\/v2\/comments?post=595"}],"version-history":[{"count":2,"href":"https:\/\/www.ynamics.com\/index.php\/wp-json\/wp\/v2\/pages\/595\/revisions"}],"predecessor-version":[{"id":652,"href":"https:\/\/www.ynamics.com\/index.php\/wp-json\/wp\/v2\/pages\/595\/revisions\/652"}],"wp:attachment":[{"href":"https:\/\/www.ynamics.com\/index.php\/wp-json\/wp\/v2\/media?parent=595"}],"curies":[{"name":"wp","href":"https:\/\/api.w.org\/{rel}","templated":true}]}}